{"id":984,"date":"2025-04-11T12:40:40","date_gmt":"2025-04-11T09:40:40","guid":{"rendered":"https:\/\/www.kumpumaki.fi\/kumpumaki\/?page_id=984"},"modified":"2025-09-13T17:20:36","modified_gmt":"2025-09-13T14:20:36","slug":"amore","status":"publish","type":"page","link":"https:\/\/www.kumpumaki.fi\/kumpumaki\/?page_id=984","title":{"rendered":"Amore"},"content":{"rendered":"\n<p>Repe on vuonna 2019 syntynyt ruuna. Ratsastaessa Repe on mukava ja Repe on my\u00f6s aloittanut kilpailu-uransa Kumpum\u00e4en tilalla. Repe p\u00e4rj\u00e4\u00e4 hienosti niin koulu- kuin estekilpailuissa.<\/p>\n\n\n\n<div class=\"wp-block-columns is-layout-flex wp-container-core-columns-is-layout-9d6595d7 wp-block-columns-is-layout-flex\">\n<div class=\"wp-block-column is-layout-flow wp-block-column-is-layout-flow\">\n<figure class=\"wp-block-image size-large\"><a href=\"https:\/\/www.kumpumaki.fi\/kumpumaki\/wp-content\/uploads\/2025\/04\/IMG_7243.jpg\"><img loading=\"lazy\" decoding=\"async\" width=\"1024\" height=\"683\" src=\"https:\/\/www.kumpumaki.fi\/kumpumaki\/wp-content\/uploads\/2025\/04\/IMG_7243-1024x683.jpg\" alt=\"\" class=\"wp-image-1001\" srcset=\"https:\/\/www.kumpumaki.fi\/kumpumaki\/wp-content\/uploads\/2025\/04\/IMG_7243-1024x683.jpg 1024w, https:\/\/www.kumpumaki.fi\/kumpumaki\/wp-content\/uploads\/2025\/04\/IMG_7243-300x200.jpg 300w, https:\/\/www.kumpumaki.fi\/kumpumaki\/wp-content\/uploads\/2025\/04\/IMG_7243-768x512.jpg 768w, https:\/\/www.kumpumaki.fi\/kumpumaki\/wp-content\/uploads\/2025\/04\/IMG_7243-1536x1024.jpg 1536w, https:\/\/www.kumpumaki.fi\/kumpumaki\/wp-content\/uploads\/2025\/04\/IMG_7243.jpg 2048w\" sizes=\"auto, (max-width: 1024px) 100vw, 1024px\" \/><\/a><\/figure>\n<\/div>\n\n\n\n<div class=\"wp-block-column is-layout-flow wp-block-column-is-layout-flow\">\n<figure class=\"wp-block-image size-large\"><a href=\"https:\/\/www.kumpumaki.fi\/kumpumaki\/wp-content\/uploads\/2025\/04\/IMG_5549.jpg\"><img loading=\"lazy\" decoding=\"async\" width=\"1024\" height=\"683\" src=\"https:\/\/www.kumpumaki.fi\/kumpumaki\/wp-content\/uploads\/2025\/04\/IMG_5549-1024x683.jpg\" alt=\"\" class=\"wp-image-1003\" srcset=\"https:\/\/www.kumpumaki.fi\/kumpumaki\/wp-content\/uploads\/2025\/04\/IMG_5549-1024x683.jpg 1024w, https:\/\/www.kumpumaki.fi\/kumpumaki\/wp-content\/uploads\/2025\/04\/IMG_5549-300x200.jpg 300w, https:\/\/www.kumpumaki.fi\/kumpumaki\/wp-content\/uploads\/2025\/04\/IMG_5549-768x512.jpg 768w, https:\/\/www.kumpumaki.fi\/kumpumaki\/wp-content\/uploads\/2025\/04\/IMG_5549-1536x1024.jpg 1536w, https:\/\/www.kumpumaki.fi\/kumpumaki\/wp-content\/uploads\/2025\/04\/IMG_5549.jpg 2048w\" sizes=\"auto, (max-width: 1024px) 100vw, 1024px\" \/><\/a><\/figure>\n<\/div>\n<\/div>\n\n\n\n<p><\/p>\n","protected":false},"excerpt":{"rendered":"<p>Repe on vuonna 2019 syntynyt ruuna. Ratsastaessa Repe on mukava ja Repe on my\u00f6s aloittanut kilpailu-uransa Kumpum\u00e4en tilalla. Repe p\u00e4rj\u00e4\u00e4 hienosti niin koulu- kuin estekilpailuissa.<\/p>\n","protected":false},"author":4,"featured_media":0,"parent":15,"menu_order":0,"comment_status":"closed","ping_status":"closed","template":"","meta":{"footnotes":""},"class_list":["post-984","page","type-page","status-publish","hentry"],"_links":{"self":[{"href":"https:\/\/www.kumpumaki.fi\/kumpumaki\/index.php?rest_route=\/wp\/v2\/pages\/984","targetHints":{"allow":["GET"]}}],"collection":[{"href":"https:\/\/www.kumpumaki.fi\/kumpumaki\/index.php?rest_route=\/wp\/v2\/pages"}],"about":[{"href":"https:\/\/www.kumpumaki.fi\/kumpumaki\/index.php?rest_route=\/wp\/v2\/types\/page"}],"author":[{"embeddable":true,"href":"https:\/\/www.kumpumaki.fi\/kumpumaki\/index.php?rest_route=\/wp\/v2\/users\/4"}],"replies":[{"embeddable":true,"href":"https:\/\/www.kumpumaki.fi\/kumpumaki\/index.php?rest_route=%2Fwp%2Fv2%2Fcomments&post=984"}],"version-history":[{"count":6,"href":"https:\/\/www.kumpumaki.fi\/kumpumaki\/index.php?rest_route=\/wp\/v2\/pages\/984\/revisions"}],"predecessor-version":[{"id":1032,"href":"https:\/\/www.kumpumaki.fi\/kumpumaki\/index.php?rest_route=\/wp\/v2\/pages\/984\/revisions\/1032"}],"up":[{"embeddable":true,"href":"https:\/\/www.kumpumaki.fi\/kumpumaki\/index.php?rest_route=\/wp\/v2\/pages\/15"}],"wp:attachment":[{"href":"https:\/\/www.kumpumaki.fi\/kumpumaki\/index.php?rest_route=%2Fwp%2Fv2%2Fmedia&parent=984"}],"curies":[{"name":"wp","href":"https:\/\/api.w.org\/{rel}","templated":true}]}}